, what is c7 + 50d5?
51ac
In base 2, what is -100 - 111011111111000?
-111011111111100
In base 15, what is 21cc - 44?
2188
In base 13, what is -4 + -692a?
-6931
In base 5, what is 4 - 222122?
-222113
In base 3, what is -1021221011101 - 11?
-1021221011112
In base 5, what is 1033 + 1312?
2400
In base 3, what is -1211121120 + -11?
-1211121201
In base 15, what is -74d + -b9?
-817
In base 3, what is 20002021212 - 101?
20002021111
In base 7, what is 66 + -412?
-313
In base 15, what is -dde - -3c?
-da2
In base 15, what is 9 - 22a9c?
-22a93
In base 4, what is 11 + 22123011?
22123022
In base 10, what is -2 + 30611?
30609
In base 9, what is -244374 + -3?
-244377
In base 14, what is -305417 + -1?
-305418
In base 12, what is -1542041 + -5?
-1542046
In base 4, what is 11010 - 221122?
-210112
In base 13, what is -16748 - 7?
-16752
In base 3, what is -222 - -110102202?
110101210
In base 2, what is 10000110001101111100 + -101?
10000110001101110111
In base 10, what is 15 + 9682?
9697
In base 9, what is -1 - -142372?
142371
In base 14, what is 33 + -85?
-52
In base 3, what is -202 + -10012021000?
-10012021202
In base 5, what is 0 + -10420241?
-10420241
In base 11, what is 32 + 1a27?
1a59
In base 16, what is 445f + -2?
445d
In base 6, what is 2541211 - 4?
2541203
In base 11, what is -20 + -1336?
-1356
In base 10, what is -3 + 6782?
6779
In base 9, what is 401 + -5816?
-5415
In base 6, what is 0 + -233355?
-233355
In base 8, what is 101 - 20134?
-20033
In base 5, what is -214133 - -4?
-214124
In base 10, what is -39807 - 0?
-39807
In base 8, what is 31127 - -154?
31303
In base 14, what is -c + 1d6?
1c8
In base 8, what is -1766 + 0?
-1766
In base 9, what is 21 + 4102?
4123
In base 9, what is -5 + 235131?
235125
In base 4, what is 2001220000 + -11?
2001213323
In base 12, what is -2 + 14bb9?
14bb7
In base 4, what is -212 + 112030?
111212
In base 4, what is -2001 - -1002?
-333
In base 14, what is -b05 + 2a1?
-844
In base 7, what is -52645 - -42?
-52603
In base 7, what is -33500 - 242?
-34042
In base 7, what is 26 - -4431?
4460
In base 14, what is 5b - 365?
-308
In base 3, what is 2022110 + 10011001?
12110111
In base 12, what is -5 + -39949?
-39952
In base 12, what is -1b723 + -6?
-1b729
In base 3, what is 20 + -120222002010?
-120222001220
In base 3, what is 1001021121 + -21112?
1001000002
In base 10, what is -2 + -25974?
-25976
In base 13, what is 0 - 45a57?
-45a57
In base 13, what is 33c3 - 93?
3330
In base 12, what is 510a - 49?
5081
In base 7, what is -561 + 232?
-326
In base 16, what is -c + 1648?
163c
In base 3, what is 1102101112 + -20?
1102101022
In base 14, what is -6ddd + -5?
-7004
In base 9, what is 6830753 - -3?
6830756
In base 4, what is 120103002 - -2?
120103010
In base 10, what is 39319 + 4?
39323
In base 6, what is -3 + -101351?
-101354
In base 12, what is 35 - 1019?
-ba4
In base 3, what is 1 + -10202112102?
-10202112101
In base 4, what is -23003213 - 3?
-23003222
In base 2, what is 1001111010010101011 - 10?
1001111010010101001
In base 3, what is -1 + -21221001?
-21221002
In base 4, what is -2 - -12203310031?
12203310023
In base 9, what is -2 + -227105?
-227107
In base 15, what is 6 - -8a27d?
8a284
In base 14, what is -1 - 6513?
-6514
In base 2, what is -11111000 + -11000010110?
-11100001110
In base 16, what is 5a7bd - -2?
5a7bf
In base 16, what is 1 + 429?
42a
In base 8, what is -167 - 212?
-401
In base 12, what is 86 + -829?
-763
In base 11, what is 8825 - 96?
873a
In base 4, what is -1022 + -3201?
-10223
In base 7, what is -3014466 - 0?
-3014466
In base 16, what is -e2 - -309d?
2fbb
In base 16, what is -4ed0 - -b?
-4ec5
In base 8, what is 42250 + 1?
42251
In base 16, what is a5be + -1?
a5bd
In base 14, what is -1 + 7243c?
7243b
In base 12, what is -19a - 112b?
-1309
In base 12, what is 16 + -74?
-5a
In base 15, what is -62a1 - 6?
-62a7
In base 9, what is 8 - 100532?
-100523
In base 9, what is 113737 + 8?
113746
In base 15, what is 5e8 + 45?
63d
In base 6, what is 14435 + 2022?
20501
In base 15, what is -8ac9 + 3?
-8ac6
In base 11, what is 4928 + 12?
493a
In base 3, what is 2 + -210102211?
-210102202
In base 9, what is -4173802 + 4?
-4173787
In base 10, what is -10 + -9705?
-9715
In base 9, what is -24717 - 1?
-24718
In base 8, what is -1 - -21374?
21373
In base 10, what is 13 + 30867?
30880
In base 14, what is -c + -6907?
-6915
In base 12, what is 107236 - 7?
10722b
In base 11, what is -3 - 155511?
-155514
In base 16, what is -c1 - 9177?
-9238
In base 4, what is 11 + 132022212?
132022223
In base 7, what is 2264006 - 26?
2263650
In base 6, what is -1 + -20121?
-20122
In base 4, what is -13 - 33321?
-100000
In base 9, what is 487 - 130?
357
In base 3, what is -110210100111 + -12?
-110210100200
In base 9, what is 4 + 2342748?
2342753
In base 13, what is 7 - -4c94?
4c9b
In base 3, what is -1010111000 - 12202?
-1010200202
In base 4, what is 100 - -3131223?
3131323
In base 14, what is 12ccdc + 5?
12cd03
In base 4, what is 32033113302 + 3?
32033113311
In base 2, what is -10010110110001 + 110?
-10010110101011
In base 7, what is -635262 + -12?
-635304
In base 15, what is -12 - 2ed?
-310
In base 3, what is -1111002012 + -102?
-1111002121
In base 11, what is 8798 + 60?
8848
In base 2, what is 1010011011 - -101110?
1011001001
In base 8, what is 3010 - -46?
3056
In base 14, what is 1591 - 16?
1579
In base 4, what is -203011123 + -1?
-203011130
In base 7, what is 23 - -1645510?
1645533
In base 7, what is 3 - 11013151?
-11013145
In base 7, what is 5 + -111353?
-111345
In base 9, what is 5 + 120883?
120888
In base 3, what is -110202011121 + 20?
-110202011101
In base 13, what is -5 - 1582?
-1587
In base 13, what is -9ca4 + -4?
-9ca8
In base 3, what is 1222000102121 + -2?
1222000102112
In base 13, what is -414606 - 0?
-414606
In base 7, what is -102415 + 5?
-102410
In base 13, what is 1c2b8 - 1?
1c2b7
In base 10, what is 4357 + -261?
4096
In base 13, what is -513 - -2?
-511
In base 2, what is 10110001100000 - 10001001?
10101111010111
In base 7, what is 12234 - -5?
12242
In base 4, what is -1 - 122302?
-122303
In base 14, what is -147d21 - 5?
-147d26
In base 9, what is -622 + -1723?
-2445
In base 11, what is 66555 - -1?
66556
In base 7, what is 456436 + 4?
456443
In base 6, what is 50 - -104?
154
In base 5, what is -1233 - 11402?
-13140
In base 14, what is -ab - 255?
-322
In base 13, what is 643906 + 3?
643909
In base 4, what is -1 + -200320120?
-200320121
In base 16, what is -3a - 104?
-13e
In base 2, what is 1101011101110010 + 0?
1101011101110010
In base 6, what is 11 - 1304531?
-1304520
In base 9, what is -287385 + 2?
-287383
In base 10, what is -3961 - -19?
-3942
In base 7, what is -3 + 46654?
46651
In base 5, what is -1230141 - -11?
-1230130
In base 11, what is 70142 - a?
70133
In base 13, what is 13ca + -3?
13c7
In base 2, what is 110000010111001101 - -101?
110000010111010010
In base 14, what is 1923 + d?
1932
In base 6, what is 3 + 10524?
10531
In base 8, what is -34476 + 3?
-34473
In base 12, what is -3b18b3 - 1?
-3b18b4
In base 14, what is -103c - 91?
-10cd
In base 8, what is -7074 + 33?
-7041
In base 4, what is 1230203 - 321?
1223222
In base 5, what is 1 + -131040?
-131034
In base 3, what is -10112 - 212101221?
-212112110
In base 16, what is 4f + -23b8?
-2369
In base 7, what is -4 + 5505?
5501
In base 2, what is 1010010101001000110 - -1?
1010010101001000111
In base 5, what is -40130 - -213?
-34412
In base 3, what is -210211 + 1002?
-202202
In base 9, what is 1 + 401420?
401421
In base 10, what is 21994 + -12?
21982
In base 5, what is -233 + -22004?
-22242
In base 3, what is -1120 + 220110122?
220102002
In base 7, what is 262 - -2626?
3221
In base 11, what is -79628 - 27?
-79654
In base 15, what is -14 + -c09?
-c1d
In base 9, what is -488 - 2564?
-3163
In base 11, what is 85147 + 0?
85147
In base 12, what is -40abb5 + -3?
-40abb8
In base 8, what is -35 - -1336?
1301
In base 16, what is 3 - 39c57?
-39c54
In base 2, what is 110 - -1111101000010?
1111101001000
In base 14, what is -48 - -28063?
28019
In base 11, what is -1083 + -90?
-1163
In base 4, what is -10 + -33200?
-33210
In base 10, what is -221334 - 4?
-221338
In base 9, what is -3 - 27786?
-27800
In base 11, what is -2286 + 10?
-2276
In base 16, what is 5948f - 1?
5948e
In base 16, what is 7 - 2f98?
